{"id":8,"date":"2025-07-21T14:31:43","date_gmt":"2025-07-21T14:31:43","guid":{"rendered":"https:\/\/gymfrey.at\/?page_id=8"},"modified":"2025-12-05T20:26:23","modified_gmt":"2025-12-05T20:26:23","slug":"ueber-uns","status":"publish","type":"page","link":"https:\/\/gymfrey.at\/?page_id=8","title":{"rendered":"\u00dcBER UNS"},"content":{"rendered":"\n<div class=\"wp-block-group alignfull is-style-section-2 has-global-padding is-layout-constrained wp-container-core-group-is-layout-cdf985e3 wp-block-group-is-layout-constrained is-style-section-2--1\" style=\"min-height:100vh;margin-top:0;margin-bottom:0;padding-top:var(--wp--preset--spacing--80);padding-right:var(--wp--preset--spacing--80);padding-bottom:var(--wp--preset--spacing--80);padding-left:var(--wp--preset--spacing--80)\">\n<div class=\"wp-block-columns alignwide are-vertically-aligned-center is-layout-flex wp-container-core-columns-is-layout-643ced6b wp-block-columns-is-layout-flex\">\n<div class=\"wp-block-column is-vertically-aligned-center is-layout-flow wp-block-column-is-layout-flow\">\n<figure class=\"wp-block-image aligncenter size-full has-custom-border\"><img loading=\"lazy\" decoding=\"async\" width=\"1707\" height=\"2560\" src=\"https:\/\/gymfrey.at\/wp-content\/uploads\/2025\/11\/Foto-17-1-scaled.jpg\" alt=\"\" class=\"wp-image-536\" style=\"border-top-left-radius:150px;border-bottom-right-radius:150px;object-fit:cover\" srcset=\"https:\/\/gymfrey.at\/wp-content\/uploads\/2025\/11\/Foto-17-1-scaled.jpg 1707w, https:\/\/gymfrey.at\/wp-content\/uploads\/2025\/11\/Foto-17-1-200x300.jpg 200w, https:\/\/gymfrey.at\/wp-content\/uploads\/2025\/11\/Foto-17-1-683x1024.jpg 683w, https:\/\/gymfrey.at\/wp-content\/uploads\/2025\/11\/Foto-17-1-768x1152.jpg 768w, https:\/\/gymfrey.at\/wp-content\/uploads\/2025\/11\/Foto-17-1-1024x1536.jpg 1024w, https:\/\/gymfrey.at\/wp-content\/uploads\/2025\/11\/Foto-17-1-1365x2048.jpg 1365w\" sizes=\"auto, (max-width: 1707px) 100vw, 1707px\" \/><\/figure>\n<\/div>\n\n\n\n<div class=\"wp-block-column is-vertically-aligned-center is-layout-flow wp-block-column-is-layout-flow\">\n<div class=\"wp-block-group is-vertical is-content-justification-stretch is-layout-flex wp-container-core-group-is-layout-353c4f5a wp-block-group-is-layout-flex\">\n<h2 class=\"wp-block-heading has-xx-large-font-size\">Die Philosophie<\/h2>\n\n\n\n<p>Gym Frey wurde im Jahr 2025 von Daniela Frey gegr\u00fcndet \u2013 mit der Vision, ein Fitnessstudio zu schaffen, das mehr als nur k\u00f6rperliches Training bietet. <\/p>\n\n\n\n<p>Unter dem Dach der Frey-Sports GmbH entstand ein Ort, an dem Gesundheit, individuelle Betreuung, moderne Ausstattung und pers\u00f6nlicher Kontakt im Mittelpunkt stehen. <\/p>\n\n\n\n<p>Daniela Frey, Gr\u00fcnderin und Inhaberin,<br>verbindet sportliche Kompetenz mit echter Leidenschaft \u2013 und hat mit Gym Frey einen Raum geschaffen, in dem sich Menschen weiterentwickeln, wohlf\u00fchlen und wachsen k\u00f6nnen.<\/p>\n<\/div>\n<\/div>\n<\/div>\n<\/div>\n\n\n\n<div class=\"wp-block-group alignfull is-style-section-5 has-global-padding is-layout-constrained wp-block-group-is-layout-constrained is-style-section-5--2\" style=\"margin-top:0;margin-bottom:0;padding-top:var(--wp--preset--spacing--50);padding-bottom:var(--wp--preset--spacing--50)\">\n<div class=\"wp-block-columns alignwide is-layout-flex wp-container-core-columns-is-layout-7ee84d44 wp-block-columns-is-layout-flex\">\n<div class=\"wp-block-column is-vertically-aligned-center is-layout-flow wp-block-column-is-layout-flow\" style=\"flex-basis:50%\">\n<h2 class=\"wp-block-heading\">Individuell. Innovativ. Inspirierend.<\/h2>\n\n\n\n<p class=\"has-medium-font-size\">Wir glauben daran, dass Sport die effektivste Verbindung zwischen K\u00f6rper und Geist ist. Deshalb bieten wir dir individuelle Betreuung \u2013 im Training genauso wie bei der Ern\u00e4hrung. <\/p>\n\n\n\n<p class=\"has-medium-font-size\">Unser Ziel ist es, dein Selbstbewusstsein zu st\u00e4rken und alten Gef\u00fchlen von Unsicherheit keinen Platz mehr zu geben. Stattdessen f\u00f6rdern wir Motivation, Freude an Bewegung und<br>pers\u00f6nliche Erfolge \u2013 Schritt f\u00fcr Schritt.<\/p>\n\n\n\n<p class=\"has-medium-font-size\"><\/p>\n<\/div>\n\n\n\n<div class=\"wp-block-column is-vertically-aligned-center is-layout-flow wp-block-column-is-layout-flow\" style=\"flex-basis:50%\">\n<figure class=\"wp-block-image size-full\"><img loading=\"lazy\" decoding=\"async\" width=\"2560\" height=\"2484\" src=\"https:\/\/gymfrey.at\/wp-content\/uploads\/2025\/07\/IMG_8106-scaled.jpg\" alt=\"\" class=\"wp-image-16\" style=\"aspect-ratio:1;object-fit:cover\" srcset=\"https:\/\/gymfrey.at\/wp-content\/uploads\/2025\/07\/IMG_8106-scaled.jpg 2560w, https:\/\/gymfrey.at\/wp-content\/uploads\/2025\/07\/IMG_8106-300x291.jpg 300w, https:\/\/gymfrey.at\/wp-content\/uploads\/2025\/07\/IMG_8106-1024x994.jpg 1024w, https:\/\/gymfrey.at\/wp-content\/uploads\/2025\/07\/IMG_8106-768x745.jpg 768w, https:\/\/gymfrey.at\/wp-content\/uploads\/2025\/07\/IMG_8106-1536x1491.jpg 1536w, https:\/\/gymfrey.at\/wp-content\/uploads\/2025\/07\/IMG_8106-2048x1988.jpg 2048w\" sizes=\"auto, (max-width: 2560px) 100vw, 2560px\" \/><\/figure>\n<\/div>\n<\/div>\n<\/div>\n\n\n\n<div class=\"wp-block-group alignfull has-global-padding is-layout-constrained wp-container-core-group-is-layout-6a078910 wp-block-group-is-layout-constrained\" style=\"margin-top:0;margin-bottom:0;padding-top:var(--wp--preset--spacing--50);padding-right:var(--wp--preset--spacing--50);padding-bottom:var(--wp--preset--spacing--50);padding-left:var(--wp--preset--spacing--50)\">\n<div class=\"wp-block-group alignwide is-layout-grid wp-container-core-group-is-layout-5fdb10e5 wp-block-group-is-layout-grid\" style=\"padding-top:var(--wp--preset--spacing--50);padding-bottom:var(--wp--preset--spacing--50)\">\n<div class=\"wp-block-group wp-container-content-9c51b35e is-vertical is-content-justification-stretch is-nowrap is-layout-flex wp-container-core-group-is-layout-627337ab wp-block-group-is-layout-flex\">\n<div class=\"wp-block-group is-vertical is-content-justification-left is-layout-flex wp-container-core-group-is-layout-dd225191 wp-block-group-is-layout-flex\">\n<h2 class=\"wp-block-heading is-style-text-annotation is-style-text-annotation--3\">THE VENUE<\/h2>\n\n\n\n<p class=\"is-style-text-subtitle has-large-font-size is-style-text-subtitle--4\">Gym Frey bietet dir auf 1.000\u202fm\u00b2 eines der ersten voll ausgestatteten Panatta-Komplettstudios \u00d6sterreichs mit 95 hochmodernen Ger\u00e4ten in f\u00fcnf vielseitigen Trainingsbereichen, inklusive einer spezialisierten Booty Zone.<\/p>\n\n\n\n<p class=\"is-style-text-subtitle has-medium-font-size is-style-text-subtitle--5\">Unsere Mitglieder genie\u00dfen nicht nur professionelle Trainingsbedingungen, sondern auch ein durchdachtes Raumklima, Sauberkeit, Privatsph\u00e4re und die M\u00f6glichkeit, sich in unserer<br>stilvollen Lounge zu entspannen \u2013 bei einem Proteinshake, gesunden Snack oder einfach<br>einem Moment Ruhe.<\/p>\n<\/div>\n<\/div>\n<\/div>\n\n\n\n<figure class=\"wp-block-pullquote\"><blockquote><p><\/p><\/blockquote><\/figure>\n\n\n\n<div class=\"wp-block-cover alignfull\" style=\"margin-top:0;padding-top:5vw;padding-right:5vw;padding-bottom:5vw;padding-left:5vw\"><img loading=\"lazy\" decoding=\"async\" width=\"1707\" height=\"2560\" class=\"wp-block-cover__image-background wp-image-534 size-full\" alt=\"\" src=\"https:\/\/gymfrey.at\/wp-content\/uploads\/2025\/11\/Foto-15-min-scaled.jpg\" style=\"object-position:51% 26%\" data-object-fit=\"cover\" data-object-position=\"51% 26%\" srcset=\"https:\/\/gymfrey.at\/wp-content\/uploads\/2025\/11\/Foto-15-min-scaled.jpg 1707w, https:\/\/gymfrey.at\/wp-content\/uploads\/2025\/11\/Foto-15-min-200x300.jpg 200w, https:\/\/gymfrey.at\/wp-content\/uploads\/2025\/11\/Foto-15-min-683x1024.jpg 683w, https:\/\/gymfrey.at\/wp-content\/uploads\/2025\/11\/Foto-15-min-768x1152.jpg 768w, https:\/\/gymfrey.at\/wp-content\/uploads\/2025\/11\/Foto-15-min-1024x1536.jpg 1024w, https:\/\/gymfrey.at\/wp-content\/uploads\/2025\/11\/Foto-15-min-1365x2048.jpg 1365w\" sizes=\"auto, (max-width: 1707px) 100vw, 1707px\" \/><span aria-hidden=\"true\" class=\"wp-block-cover__background has-base-background-color has-background-dim-60 has-background-dim\"><\/span><div class=\"wp-block-cover__inner-container is-layout-flow wp-block-cover-is-layout-flow\">\n<div style=\"height:48px\" aria-hidden=\"true\" class=\"wp-block-spacer\"><\/div>\n\n\n\n<div class=\"wp-block-group is-vertical is-content-justification-center is-nowrap is-layout-flex wp-container-core-group-is-layout-b77dfac5 wp-block-group-is-layout-flex\">\n<p class=\"has-text-align-center is-style-text-subtitle has-contrast-color has-text-color is-style-text-subtitle--6\" style=\"font-size:clamp(14px, 0.875rem + ((1vw - 3.2px) * 0.49), 19px);font-style:normal;font-weight:300;letter-spacing:20px;line-height:2;text-transform:uppercase\">UNSER <strong>TEA<\/strong>M<\/p>\n<\/div>\n\n\n\n<div style=\"height:48px\" aria-hidden=\"true\" class=\"wp-block-spacer\"><\/div>\n<\/div><\/div>\n\n\n\n<div class=\"wp-block-group alignfull has-small-font-size has-global-padding is-layout-constrained wp-container-core-group-is-layout-2f40935e wp-block-group-is-layout-constrained\" style=\"border-style:none;border-width:0px;border-radius:0px;min-height:0px;margin-top:var(--wp--preset--spacing--40);margin-bottom:var(--wp--preset--spacing--40);padding-top:var(--wp--preset--spacing--30);padding-right:0;padding-bottom:var(--wp--preset--spacing--30);padding-left:0\">\n<div class=\"wp-block-group alignwide is-layout-grid wp-container-core-group-is-layout-21f393a4 wp-block-group-is-layout-grid\">\n<div class=\"wp-block-cover has-custom-content-position is-position-bottom-center wp-container-content-79286276\"><img loading=\"lazy\" decoding=\"async\" width=\"1898\" height=\"2560\" class=\"wp-block-cover__image-background wp-image-632\" alt=\"\" src=\"https:\/\/gymfrey.at\/wp-content\/uploads\/2025\/11\/IMG_2731-4-scaled.jpeg\" data-object-fit=\"cover\" srcset=\"https:\/\/gymfrey.at\/wp-content\/uploads\/2025\/11\/IMG_2731-4-scaled.jpeg 1898w, https:\/\/gymfrey.at\/wp-content\/uploads\/2025\/11\/IMG_2731-4-222x300.jpeg 222w, https:\/\/gymfrey.at\/wp-content\/uploads\/2025\/11\/IMG_2731-4-759x1024.jpeg 759w, https:\/\/gymfrey.at\/wp-content\/uploads\/2025\/11\/IMG_2731-4-768x1036.jpeg 768w, https:\/\/gymfrey.at\/wp-content\/uploads\/2025\/11\/IMG_2731-4-1139x1536.jpeg 1139w, https:\/\/gymfrey.at\/wp-content\/uploads\/2025\/11\/IMG_2731-4-1518x2048.jpeg 1518w\" sizes=\"auto, (max-width: 1898px) 100vw, 1898px\" \/><span aria-hidden=\"true\" class=\"wp-block-cover__background has-base-background-color has-background-dim-10 has-background-dim\"><\/span><div class=\"wp-block-cover__inner-container is-layout-flow wp-block-cover-is-layout-flow\">\n<p class=\"has-text-align-center has-large-font-size\">Daniela  Frey, Gesch\u00e4ftsf\u00fchrung<\/p>\n<\/div><\/div>\n\n\n\n<div class=\"wp-block-cover has-custom-content-position is-position-bottom-center\"><img loading=\"lazy\" decoding=\"async\" width=\"2182\" height=\"2560\" class=\"wp-block-cover__image-background wp-image-623\" alt=\"\" src=\"https:\/\/gymfrey.at\/wp-content\/uploads\/2025\/11\/IMG_2731-1-1-scaled.jpeg\" data-object-fit=\"cover\" srcset=\"https:\/\/gymfrey.at\/wp-content\/uploads\/2025\/11\/IMG_2731-1-1-scaled.jpeg 2182w, https:\/\/gymfrey.at\/wp-content\/uploads\/2025\/11\/IMG_2731-1-1-256x300.jpeg 256w, https:\/\/gymfrey.at\/wp-content\/uploads\/2025\/11\/IMG_2731-1-1-873x1024.jpeg 873w, https:\/\/gymfrey.at\/wp-content\/uploads\/2025\/11\/IMG_2731-1-1-768x901.jpeg 768w, https:\/\/gymfrey.at\/wp-content\/uploads\/2025\/11\/IMG_2731-1-1-1309x1536.jpeg 1309w, https:\/\/gymfrey.at\/wp-content\/uploads\/2025\/11\/IMG_2731-1-1-1745x2048.jpeg 1745w\" sizes=\"auto, (max-width: 2182px) 100vw, 2182px\" \/><span aria-hidden=\"true\" class=\"wp-block-cover__background has-base-background-color has-background-dim-10 has-background-dim\"><\/span><div class=\"wp-block-cover__inner-container is-layout-flow wp-block-cover-is-layout-flow\">\n<p class=\"has-text-align-center has-large-font-size\">Leon Paetzel, Fitnesstrainer<\/p>\n<\/div><\/div>\n\n\n\n<div class=\"wp-block-cover has-custom-content-position is-position-bottom-center\"><img loading=\"lazy\" decoding=\"async\" width=\"1920\" height=\"2560\" class=\"wp-block-cover__image-background wp-image-627\" alt=\"\" src=\"https:\/\/gymfrey.at\/wp-content\/uploads\/2025\/11\/IMG_2600-scaled.jpeg\" data-object-fit=\"cover\" srcset=\"https:\/\/gymfrey.at\/wp-content\/uploads\/2025\/11\/IMG_2600-scaled.jpeg 1920w, https:\/\/gymfrey.at\/wp-content\/uploads\/2025\/11\/IMG_2600-225x300.jpeg 225w, https:\/\/gymfrey.at\/wp-content\/uploads\/2025\/11\/IMG_2600-768x1024.jpeg 768w, https:\/\/gymfrey.at\/wp-content\/uploads\/2025\/11\/IMG_2600-1152x1536.jpeg 1152w, https:\/\/gymfrey.at\/wp-content\/uploads\/2025\/11\/IMG_2600-1536x2048.jpeg 1536w\" sizes=\"auto, (max-width: 1920px) 100vw, 1920px\" \/><span aria-hidden=\"true\" class=\"wp-block-cover__background has-background-dim-10 has-background-dim\"><\/span><div class=\"wp-block-cover__inner-container is-layout-flow wp-block-cover-is-layout-flow\">\n<p class=\"has-text-align-center has-large-font-size\">Maja Toth, Nutrition Bar Mitarbeiter<\/p>\n<\/div><\/div>\n\n\n\n<div class=\"wp-block-cover has-custom-content-position is-position-bottom-center\"><img loading=\"lazy\" decoding=\"async\" width=\"1858\" height=\"2478\" class=\"wp-block-cover__image-background wp-image-626\" alt=\"\" src=\"https:\/\/gymfrey.at\/wp-content\/uploads\/2025\/11\/IMG_2607-1.jpeg\" data-object-fit=\"cover\" srcset=\"https:\/\/gymfrey.at\/wp-content\/uploads\/2025\/11\/IMG_2607-1.jpeg 1858w, https:\/\/gymfrey.at\/wp-content\/uploads\/2025\/11\/IMG_2607-1-225x300.jpeg 225w, https:\/\/gymfrey.at\/wp-content\/uploads\/2025\/11\/IMG_2607-1-768x1024.jpeg 768w, https:\/\/gymfrey.at\/wp-content\/uploads\/2025\/11\/IMG_2607-1-1152x1536.jpeg 1152w, https:\/\/gymfrey.at\/wp-content\/uploads\/2025\/11\/IMG_2607-1-1536x2048.jpeg 1536w\" sizes=\"auto, (max-width: 1858px) 100vw, 1858px\" \/><span aria-hidden=\"true\" class=\"wp-block-cover__background has-background-dim-10 has-background-dim\"><\/span><div class=\"wp-block-cover__inner-container is-layout-flow wp-block-cover-is-layout-flow\">\n<p class=\"has-text-align-center has-large-font-size\">Dr. Desiree Frey, Nutrition Bar Mitarbeiter<\/p>\n<\/div><\/div>\n\n\n\n<div class=\"wp-block-cover has-custom-content-position is-position-bottom-center\"><img loading=\"lazy\" decoding=\"async\" width=\"1920\" height=\"2560\" class=\"wp-block-cover__image-background wp-image-628\" alt=\"\" src=\"https:\/\/gymfrey.at\/wp-content\/uploads\/2025\/11\/IMG_2624-scaled.jpeg\" data-object-fit=\"cover\" srcset=\"https:\/\/gymfrey.at\/wp-content\/uploads\/2025\/11\/IMG_2624-scaled.jpeg 1920w, https:\/\/gymfrey.at\/wp-content\/uploads\/2025\/11\/IMG_2624-225x300.jpeg 225w, https:\/\/gymfrey.at\/wp-content\/uploads\/2025\/11\/IMG_2624-768x1024.jpeg 768w, https:\/\/gymfrey.at\/wp-content\/uploads\/2025\/11\/IMG_2624-1152x1536.jpeg 1152w, https:\/\/gymfrey.at\/wp-content\/uploads\/2025\/11\/IMG_2624-1536x2048.jpeg 1536w\" sizes=\"auto, (max-width: 1920px) 100vw, 1920px\" \/><span aria-hidden=\"true\" class=\"wp-block-cover__background has-background-dim-10 has-background-dim\"><\/span><div class=\"wp-block-cover__inner-container is-layout-flow wp-block-cover-is-layout-flow\">\n<p class=\"has-text-align-center has-large-font-size\">Verena Krasser, Nutrition Bar Mitarbeiter<\/p>\n<\/div><\/div>\n<\/div>\n<\/div>\n<\/div>\n","protected":false},"excerpt":{"rendered":"<p>Die Philosophie Gym Frey wurde im Jahr 2025 von Daniela Frey gegr\u00fcndet \u2013 mit der Vision, ein Fitnessstudio zu schaffen, das mehr als nur k\u00f6rperliches Training bietet. Unter dem Dach der Frey-Sports GmbH entstand ein Ort, an dem Gesundheit, individuelle Betreuung, moderne Ausstattung und pers\u00f6nlicher Kontakt im Mittelpunkt stehen. Daniela Frey, Gr\u00fcnderin und Inhaberin,verbindet sportliche [&hellip;]<\/p>\n","protected":false},"author":1,"featured_media":0,"parent":0,"menu_order":0,"comment_status":"closed","ping_status":"closed","template":"","meta":{"footnotes":""},"class_list":["post-8","page","type-page","status-publish","hentry"],"yoast_head":"<!-- This site is optimized with the Yoast SEO plugin v25.9 - https:\/\/yoast.com\/wordpress\/plugins\/seo\/ -->\n<title>\u00dcBER UNS - GYM FREY<\/title>\n<meta name=\"robots\" content=\"index, follow, max-snippet:-1, max-image-preview:large, max-video-preview:-1\" \/>\n<link rel=\"canonical\" href=\"https:\/\/gymfrey.at\/?page_id=8\" \/>\n<meta property=\"og:locale\" content=\"de_DE\" \/>\n<meta property=\"og:type\" content=\"article\" \/>\n<meta property=\"og:title\" content=\"\u00dcBER UNS - GYM FREY\" \/>\n<meta property=\"og:description\" content=\"Die Philosophie Gym Frey wurde im Jahr 2025 von Daniela Frey gegr\u00fcndet \u2013 mit der Vision, ein Fitnessstudio zu schaffen, das mehr als nur k\u00f6rperliches Training bietet. Unter dem Dach der Frey-Sports GmbH entstand ein Ort, an dem Gesundheit, individuelle Betreuung, moderne Ausstattung und pers\u00f6nlicher Kontakt im Mittelpunkt stehen. Daniela Frey, Gr\u00fcnderin und Inhaberin,verbindet sportliche [&hellip;]\" \/>\n<meta property=\"og:url\" content=\"https:\/\/gymfrey.at\/?page_id=8\" \/>\n<meta property=\"og:site_name\" content=\"GYM FREY\" \/>\n<meta property=\"article:modified_time\" content=\"2025-12-05T20:26:23+00:00\" \/>\n<meta property=\"og:image\" content=\"https:\/\/gymfrey.at\/wp-content\/uploads\/2025\/11\/Foto-17-1-scaled.jpg\" \/>\n\t<meta property=\"og:image:width\" content=\"1707\" \/>\n\t<meta property=\"og:image:height\" content=\"2560\" \/>\n\t<meta property=\"og:image:type\" content=\"image\/jpeg\" \/>\n<meta name=\"twitter:card\" content=\"summary_large_image\" \/>\n<meta name=\"twitter:label1\" content=\"Gesch\u00e4tzte Lesezeit\" \/>\n\t<meta name=\"twitter:data1\" content=\"3\u00a0Minuten\" \/>\n<script type=\"application\/ld+json\" class=\"yoast-schema-graph\">{\"@context\":\"https:\/\/schema.org\",\"@graph\":[{\"@type\":\"WebPage\",\"@id\":\"https:\/\/gymfrey.at\/?page_id=8\",\"url\":\"https:\/\/gymfrey.at\/?page_id=8\",\"name\":\"\u00dcBER UNS - GYM FREY\",\"isPartOf\":{\"@id\":\"https:\/\/gymfrey.at\/#website\"},\"primaryImageOfPage\":{\"@id\":\"https:\/\/gymfrey.at\/?page_id=8#primaryimage\"},\"image\":{\"@id\":\"https:\/\/gymfrey.at\/?page_id=8#primaryimage\"},\"thumbnailUrl\":\"https:\/\/gymfrey.at\/wp-content\/uploads\/2025\/11\/Foto-17-1-scaled.jpg\",\"datePublished\":\"2025-07-21T14:31:43+00:00\",\"dateModified\":\"2025-12-05T20:26:23+00:00\",\"breadcrumb\":{\"@id\":\"https:\/\/gymfrey.at\/?page_id=8#breadcrumb\"},\"inLanguage\":\"de\",\"potentialAction\":[{\"@type\":\"ReadAction\",\"target\":[\"https:\/\/gymfrey.at\/?page_id=8\"]}]},{\"@type\":\"ImageObject\",\"inLanguage\":\"de\",\"@id\":\"https:\/\/gymfrey.at\/?page_id=8#primaryimage\",\"url\":\"https:\/\/gymfrey.at\/wp-content\/uploads\/2025\/11\/Foto-17-1-scaled.jpg\",\"contentUrl\":\"https:\/\/gymfrey.at\/wp-content\/uploads\/2025\/11\/Foto-17-1-scaled.jpg\",\"width\":1707,\"height\":2560},{\"@type\":\"BreadcrumbList\",\"@id\":\"https:\/\/gymfrey.at\/?page_id=8#breadcrumb\",\"itemListElement\":[{\"@type\":\"ListItem\",\"position\":1,\"name\":\"Startseite\",\"item\":\"https:\/\/gymfrey.at\/\"},{\"@type\":\"ListItem\",\"position\":2,\"name\":\"\u00dcBER UNS\"}]},{\"@type\":\"WebSite\",\"@id\":\"https:\/\/gymfrey.at\/#website\",\"url\":\"https:\/\/gymfrey.at\/\",\"name\":\"GYM FREY\",\"description\":\"Train like a pro\",\"publisher\":{\"@id\":\"https:\/\/gymfrey.at\/#organization\"},\"potentialAction\":[{\"@type\":\"SearchAction\",\"target\":{\"@type\":\"EntryPoint\",\"urlTemplate\":\"https:\/\/gymfrey.at\/?s={search_term_string}\"},\"query-input\":{\"@type\":\"PropertyValueSpecification\",\"valueRequired\":true,\"valueName\":\"search_term_string\"}}],\"inLanguage\":\"de\"},{\"@type\":\"Organization\",\"@id\":\"https:\/\/gymfrey.at\/#organization\",\"name\":\"GYM FREY\",\"url\":\"https:\/\/gymfrey.at\/\",\"logo\":{\"@type\":\"ImageObject\",\"inLanguage\":\"de\",\"@id\":\"https:\/\/gymfrey.at\/#\/schema\/logo\/image\/\",\"url\":\"https:\/\/gymfrey.at\/wp-content\/uploads\/2025\/07\/sigi-icon.png\",\"contentUrl\":\"https:\/\/gymfrey.at\/wp-content\/uploads\/2025\/07\/sigi-icon.png\",\"width\":770,\"height\":481,\"caption\":\"GYM FREY\"},\"image\":{\"@id\":\"https:\/\/gymfrey.at\/#\/schema\/logo\/image\/\"},\"sameAs\":[\"https:\/\/www.instagram.com\/gymfrey.at\"]}]}<\/script>\n<!-- \/ Yoast SEO plugin. -->","yoast_head_json":{"title":"\u00dcBER UNS - GYM FREY","robots":{"index":"index","follow":"follow","max-snippet":"max-snippet:-1","max-image-preview":"max-image-preview:large","max-video-preview":"max-video-preview:-1"},"canonical":"https:\/\/gymfrey.at\/?page_id=8","og_locale":"de_DE","og_type":"article","og_title":"\u00dcBER UNS - GYM FREY","og_description":"Die Philosophie Gym Frey wurde im Jahr 2025 von Daniela Frey gegr\u00fcndet \u2013 mit der Vision, ein Fitnessstudio zu schaffen, das mehr als nur k\u00f6rperliches Training bietet. Unter dem Dach der Frey-Sports GmbH entstand ein Ort, an dem Gesundheit, individuelle Betreuung, moderne Ausstattung und pers\u00f6nlicher Kontakt im Mittelpunkt stehen. Daniela Frey, Gr\u00fcnderin und Inhaberin,verbindet sportliche [&hellip;]","og_url":"https:\/\/gymfrey.at\/?page_id=8","og_site_name":"GYM FREY","article_modified_time":"2025-12-05T20:26:23+00:00","og_image":[{"width":1707,"height":2560,"url":"https:\/\/gymfrey.at\/wp-content\/uploads\/2025\/11\/Foto-17-1-scaled.jpg","type":"image\/jpeg"}],"twitter_card":"summary_large_image","twitter_misc":{"Gesch\u00e4tzte Lesezeit":"3\u00a0Minuten"},"schema":{"@context":"https:\/\/schema.org","@graph":[{"@type":"WebPage","@id":"https:\/\/gymfrey.at\/?page_id=8","url":"https:\/\/gymfrey.at\/?page_id=8","name":"\u00dcBER UNS - GYM FREY","isPartOf":{"@id":"https:\/\/gymfrey.at\/#website"},"primaryImageOfPage":{"@id":"https:\/\/gymfrey.at\/?page_id=8#primaryimage"},"image":{"@id":"https:\/\/gymfrey.at\/?page_id=8#primaryimage"},"thumbnailUrl":"https:\/\/gymfrey.at\/wp-content\/uploads\/2025\/11\/Foto-17-1-scaled.jpg","datePublished":"2025-07-21T14:31:43+00:00","dateModified":"2025-12-05T20:26:23+00:00","breadcrumb":{"@id":"https:\/\/gymfrey.at\/?page_id=8#breadcrumb"},"inLanguage":"de","potentialAction":[{"@type":"ReadAction","target":["https:\/\/gymfrey.at\/?page_id=8"]}]},{"@type":"ImageObject","inLanguage":"de","@id":"https:\/\/gymfrey.at\/?page_id=8#primaryimage","url":"https:\/\/gymfrey.at\/wp-content\/uploads\/2025\/11\/Foto-17-1-scaled.jpg","contentUrl":"https:\/\/gymfrey.at\/wp-content\/uploads\/2025\/11\/Foto-17-1-scaled.jpg","width":1707,"height":2560},{"@type":"BreadcrumbList","@id":"https:\/\/gymfrey.at\/?page_id=8#breadcrumb","itemListElement":[{"@type":"ListItem","position":1,"name":"Startseite","item":"https:\/\/gymfrey.at\/"},{"@type":"ListItem","position":2,"name":"\u00dcBER UNS"}]},{"@type":"WebSite","@id":"https:\/\/gymfrey.at\/#website","url":"https:\/\/gymfrey.at\/","name":"GYM FREY","description":"Train like a pro","publisher":{"@id":"https:\/\/gymfrey.at\/#organization"},"potentialAction":[{"@type":"SearchAction","target":{"@type":"EntryPoint","urlTemplate":"https:\/\/gymfrey.at\/?s={search_term_string}"},"query-input":{"@type":"PropertyValueSpecification","valueRequired":true,"valueName":"search_term_string"}}],"inLanguage":"de"},{"@type":"Organization","@id":"https:\/\/gymfrey.at\/#organization","name":"GYM FREY","url":"https:\/\/gymfrey.at\/","logo":{"@type":"ImageObject","inLanguage":"de","@id":"https:\/\/gymfrey.at\/#\/schema\/logo\/image\/","url":"https:\/\/gymfrey.at\/wp-content\/uploads\/2025\/07\/sigi-icon.png","contentUrl":"https:\/\/gymfrey.at\/wp-content\/uploads\/2025\/07\/sigi-icon.png","width":770,"height":481,"caption":"GYM FREY"},"image":{"@id":"https:\/\/gymfrey.at\/#\/schema\/logo\/image\/"},"sameAs":["https:\/\/www.instagram.com\/gymfrey.at"]}]}},"_links":{"self":[{"href":"https:\/\/gymfrey.at\/index.php?rest_route=\/wp\/v2\/pages\/8","targetHints":{"allow":["GET"]}}],"collection":[{"href":"https:\/\/gymfrey.at\/index.php?rest_route=\/wp\/v2\/pages"}],"about":[{"href":"https:\/\/gymfrey.at\/index.php?rest_route=\/wp\/v2\/types\/page"}],"author":[{"embeddable":true,"href":"https:\/\/gymfrey.at\/index.php?rest_route=\/wp\/v2\/users\/1"}],"replies":[{"embeddable":true,"href":"https:\/\/gymfrey.at\/index.php?rest_route=%2Fwp%2Fv2%2Fcomments&post=8"}],"version-history":[{"count":51,"href":"https:\/\/gymfrey.at\/index.php?rest_route=\/wp\/v2\/pages\/8\/revisions"}],"predecessor-version":[{"id":681,"href":"https:\/\/gymfrey.at\/index.php?rest_route=\/wp\/v2\/pages\/8\/revisions\/681"}],"wp:attachment":[{"href":"https:\/\/gymfrey.at\/index.php?rest_route=%2Fwp%2Fv2%2Fmedia&parent=8"}],"curies":[{"name":"wp","href":"https:\/\/api.w.org\/{rel}","templated":true}]}}