{"id":501,"date":"2025-11-20T20:03:44","date_gmt":"2025-11-20T20:03:44","guid":{"rendered":"https:\/\/gymfrey.at\/?page_id=501"},"modified":"2026-03-30T09:42:08","modified_gmt":"2026-03-30T09:42:08","slug":"goldcard","status":"publish","type":"page","link":"https:\/\/gymfrey.at\/?page_id=501","title":{"rendered":"GOLDCARD"},"content":{"rendered":"\n<div class=\"wp-block-group alignfull is-style-section-1 has-background has-global-padding is-layout-constrained wp-container-core-group-is-layout-cdf985e3 wp-block-group-is-layout-constrained is-style-section-1--1\" style=\"background:linear-gradient(135deg,rgb(156,117,0) 0%,rgb(0,0,0) 100%);min-height:100vh;margin-top:0;margin-bottom:0;padding-top:var(--wp--preset--spacing--80);padding-right:var(--wp--preset--spacing--80);padding-bottom:var(--wp--preset--spacing--80);padding-left:var(--wp--preset--spacing--80)\">\n<div class=\"wp-block-columns alignwide are-vertically-aligned-center is-layout-flex wp-container-core-columns-is-layout-643ced6b wp-block-columns-is-layout-flex\">\n<div class=\"wp-block-column is-vertically-aligned-center is-layout-flow wp-block-column-is-layout-flow\">\n<figure class=\"wp-block-image aligncenter size-full has-custom-border\"><img loading=\"lazy\" decoding=\"async\" width=\"1707\" height=\"2560\" src=\"https:\/\/gymfrey.at\/wp-content\/uploads\/2025\/11\/andrew-kliatskyi-oKQSBq1C26E-unsplash-scaled.jpg\" alt=\"\" class=\"wp-image-539\" style=\"border-top-left-radius:150px;border-bottom-right-radius:150px;object-fit:cover\" srcset=\"https:\/\/gymfrey.at\/wp-content\/uploads\/2025\/11\/andrew-kliatskyi-oKQSBq1C26E-unsplash-scaled.jpg 1707w, https:\/\/gymfrey.at\/wp-content\/uploads\/2025\/11\/andrew-kliatskyi-oKQSBq1C26E-unsplash-200x300.jpg 200w, https:\/\/gymfrey.at\/wp-content\/uploads\/2025\/11\/andrew-kliatskyi-oKQSBq1C26E-unsplash-683x1024.jpg 683w, https:\/\/gymfrey.at\/wp-content\/uploads\/2025\/11\/andrew-kliatskyi-oKQSBq1C26E-unsplash-768x1152.jpg 768w, https:\/\/gymfrey.at\/wp-content\/uploads\/2025\/11\/andrew-kliatskyi-oKQSBq1C26E-unsplash-1024x1536.jpg 1024w, https:\/\/gymfrey.at\/wp-content\/uploads\/2025\/11\/andrew-kliatskyi-oKQSBq1C26E-unsplash-1365x2048.jpg 1365w\" sizes=\"auto, (max-width: 1707px) 100vw, 1707px\" \/><\/figure>\n<\/div>\n\n\n\n<div class=\"wp-block-column is-vertically-aligned-center is-layout-flow wp-block-column-is-layout-flow\">\n<div class=\"wp-block-group is-vertical is-content-justification-stretch is-layout-flex wp-container-core-group-is-layout-353c4f5a wp-block-group-is-layout-flex\">\n<h2 class=\"wp-block-heading has-text-align-left\">DIE GOLDCARD<\/h2>\n\n\n\n<p>Mit der GYM FREY Goldcard sicherst du dir das exklusivste Fitnesspaket, das wir je angeboten haben.<br>Einmal investieren \u2013 und dauerhaft von allen Vorteilen profitieren..<\/p>\n\n\n\n<p class=\"has-text-align-left\"><a href=\"https:\/\/frey-sportsgmbh.virtuagym.com\/webshop\/goldcard\">Hier erh\u00e4ltlich!<\/a><\/p>\n<\/div>\n<\/div>\n<\/div>\n<\/div>\n\n\n\n<div class=\"wp-block-group alignfull has-global-padding is-layout-constrained wp-container-core-group-is-layout-54af5b55 wp-block-group-is-layout-constrained\" style=\"margin-top:0;margin-bottom:0;padding-top:var(--wp--preset--spacing--60);padding-bottom:var(--wp--preset--spacing--60)\">\n<h2 class=\"wp-block-heading alignwide has-text-align-center has-x-large-font-size\"><strong><em>Einmal investieren, dein Fitnessleben f\u00fcr immer transformieren!<\/em><\/strong><\/h2>\n\n\n\n<div class=\"wp-block-buttons alignwide has-custom-font-size has-medium-font-size is-content-justification-center is-layout-flex wp-container-core-buttons-is-layout-c124d1c4 wp-block-buttons-is-layout-flex\">\n<div class=\"wp-block-button\"><a class=\"wp-block-button__link wp-element-button\">24\/7 Zugang \u2013 trainiere, wann du willst<\/a><\/div>\n\n\n\n<div class=\"wp-block-button\"><a class=\"wp-block-button__link wp-element-button\">Unbegrenzte Nutzung unserer Elektrolytschankanlage<\/a><\/div>\n\n\n\n<div class=\"wp-block-button\"><a class=\"wp-block-button__link wp-element-button\">Zugang zu PRO+<\/a><\/div>\n\n\n\n<div class=\"wp-block-button\"><a class=\"wp-block-button__link wp-element-button\">&nbsp;QR-Code &amp; pers\u00f6nliche Mitgliedskarte<\/a><\/div>\n\n\n\n<div class=\"wp-block-button\"><a class=\"wp-block-button__link wp-element-button\">Sonderrabatte auf ausgew\u00e4hlte Services &amp; Events<\/a><\/div>\n\n\n\n<div class=\"wp-block-button\"><a class=\"wp-block-button__link wp-element-button\">2 Gratis-Tageskarten pro Monat f\u00fcr Freunde deiner Wahl<\/a><\/div>\n<\/div>\n<\/div>\n\n\n\n<div class=\"wp-block-group alignfull has-global-padding is-layout-constrained wp-block-group-is-layout-constrained\" style=\"margin-top:0;margin-bottom:0;padding-top:var(--wp--preset--spacing--50);padding-bottom:var(--wp--preset--spacing--50)\">\n<div class=\"wp-block-columns alignwide is-layout-flex wp-container-core-columns-is-layout-fa584acd wp-block-columns-is-layout-flex\">\n<div class=\"wp-block-column is-vertically-aligned-center is-layout-flow wp-block-column-is-layout-flow\">\n<h2 class=\"wp-block-heading has-xx-large-font-size\">R\u00fcckkaufoption:<br>Nach 3 Jahren ist ein R\u00fcckkauf deiner Goldcard durch Frey-Sports m\u00f6glich.<\/h2>\n<\/div>\n\n\n\n<div class=\"wp-block-column is-vertically-aligned-center is-layout-flow wp-block-column-is-layout-flow\">\n<figure class=\"wp-block-image size-full\"><img loading=\"lazy\" decoding=\"async\" width=\"1707\" height=\"2560\" src=\"https:\/\/gymfrey.at\/wp-content\/uploads\/2026\/03\/Foto-13-1-scaled.jpg\" alt=\"\" class=\"wp-image-721\" style=\"aspect-ratio:1;object-fit:cover\" srcset=\"https:\/\/gymfrey.at\/wp-content\/uploads\/2026\/03\/Foto-13-1-scaled.jpg 1707w, https:\/\/gymfrey.at\/wp-content\/uploads\/2026\/03\/Foto-13-1-200x300.jpg 200w, https:\/\/gymfrey.at\/wp-content\/uploads\/2026\/03\/Foto-13-1-683x1024.jpg 683w, https:\/\/gymfrey.at\/wp-content\/uploads\/2026\/03\/Foto-13-1-768x1152.jpg 768w, https:\/\/gymfrey.at\/wp-content\/uploads\/2026\/03\/Foto-13-1-1024x1536.jpg 1024w, https:\/\/gymfrey.at\/wp-content\/uploads\/2026\/03\/Foto-13-1-1365x2048.jpg 1365w\" sizes=\"auto, (max-width: 1707px) 100vw, 1707px\" \/><\/figure>\n<\/div>\n<\/div>\n<\/div>\n","protected":false},"excerpt":{"rendered":"<p>DIE GOLDCARD Mit der GYM FREY Goldcard sicherst du dir das exklusivste Fitnesspaket, das wir je angeboten haben.Einmal investieren \u2013 und dauerhaft von allen Vorteilen profitieren.. Hier erh\u00e4ltlich! Einmal investieren, dein Fitnessleben f\u00fcr immer transformieren! R\u00fcckkaufoption:Nach 3 Jahren ist ein R\u00fcckkauf deiner Goldcard durch Frey-Sports m\u00f6glich.<\/p>\n","protected":false},"author":1,"featured_media":0,"parent":0,"menu_order":0,"comment_status":"closed","ping_status":"closed","template":"","meta":{"footnotes":""},"class_list":["post-501","page","type-page","status-publish","hentry"],"yoast_head":"<!-- This site is optimized with the Yoast SEO plugin v25.9 - https:\/\/yoast.com\/wordpress\/plugins\/seo\/ -->\n<title>GOLDCARD - GYM FREY<\/title>\n<meta name=\"robots\" content=\"index, follow, max-snippet:-1, max-image-preview:large, max-video-preview:-1\" \/>\n<link rel=\"canonical\" href=\"https:\/\/gymfrey.at\/?page_id=501\" \/>\n<meta property=\"og:locale\" content=\"de_DE\" \/>\n<meta property=\"og:type\" content=\"article\" \/>\n<meta property=\"og:title\" content=\"GOLDCARD - GYM FREY\" \/>\n<meta property=\"og:description\" content=\"DIE GOLDCARD Mit der GYM FREY Goldcard sicherst du dir das exklusivste Fitnesspaket, das wir je angeboten haben.Einmal investieren \u2013 und dauerhaft von allen Vorteilen profitieren.. Hier erh\u00e4ltlich! Einmal investieren, dein Fitnessleben f\u00fcr immer transformieren! R\u00fcckkaufoption:Nach 3 Jahren ist ein R\u00fcckkauf deiner Goldcard durch Frey-Sports m\u00f6glich.\" \/>\n<meta property=\"og:url\" content=\"https:\/\/gymfrey.at\/?page_id=501\" \/>\n<meta property=\"og:site_name\" content=\"GYM FREY\" \/>\n<meta property=\"article:modified_time\" content=\"2026-03-30T09:42:08+00:00\" \/>\n<meta property=\"og:image\" content=\"https:\/\/gymfrey.at\/wp-content\/uploads\/2025\/11\/andrew-kliatskyi-oKQSBq1C26E-unsplash-scaled.jpg\" \/>\n\t<meta property=\"og:image:width\" content=\"1707\" \/>\n\t<meta property=\"og:image:height\" content=\"2560\" \/>\n\t<meta property=\"og:image:type\" content=\"image\/jpeg\" \/>\n<meta name=\"twitter:card\" content=\"summary_large_image\" \/>\n<script type=\"application\/ld+json\" class=\"yoast-schema-graph\">{\"@context\":\"https:\/\/schema.org\",\"@graph\":[{\"@type\":\"WebPage\",\"@id\":\"https:\/\/gymfrey.at\/?page_id=501\",\"url\":\"https:\/\/gymfrey.at\/?page_id=501\",\"name\":\"GOLDCARD - GYM FREY\",\"isPartOf\":{\"@id\":\"https:\/\/gymfrey.at\/#website\"},\"primaryImageOfPage\":{\"@id\":\"https:\/\/gymfrey.at\/?page_id=501#primaryimage\"},\"image\":{\"@id\":\"https:\/\/gymfrey.at\/?page_id=501#primaryimage\"},\"thumbnailUrl\":\"https:\/\/gymfrey.at\/wp-content\/uploads\/2025\/11\/andrew-kliatskyi-oKQSBq1C26E-unsplash-scaled.jpg\",\"datePublished\":\"2025-11-20T20:03:44+00:00\",\"dateModified\":\"2026-03-30T09:42:08+00:00\",\"breadcrumb\":{\"@id\":\"https:\/\/gymfrey.at\/?page_id=501#breadcrumb\"},\"inLanguage\":\"de\",\"potentialAction\":[{\"@type\":\"ReadAction\",\"target\":[\"https:\/\/gymfrey.at\/?page_id=501\"]}]},{\"@type\":\"ImageObject\",\"inLanguage\":\"de\",\"@id\":\"https:\/\/gymfrey.at\/?page_id=501#primaryimage\",\"url\":\"https:\/\/gymfrey.at\/wp-content\/uploads\/2025\/11\/andrew-kliatskyi-oKQSBq1C26E-unsplash-scaled.jpg\",\"contentUrl\":\"https:\/\/gymfrey.at\/wp-content\/uploads\/2025\/11\/andrew-kliatskyi-oKQSBq1C26E-unsplash-scaled.jpg\",\"width\":1707,\"height\":2560},{\"@type\":\"BreadcrumbList\",\"@id\":\"https:\/\/gymfrey.at\/?page_id=501#breadcrumb\",\"itemListElement\":[{\"@type\":\"ListItem\",\"position\":1,\"name\":\"Startseite\",\"item\":\"https:\/\/gymfrey.at\/\"},{\"@type\":\"ListItem\",\"position\":2,\"name\":\"GOLDCARD\"}]},{\"@type\":\"WebSite\",\"@id\":\"https:\/\/gymfrey.at\/#website\",\"url\":\"https:\/\/gymfrey.at\/\",\"name\":\"GYM FREY\",\"description\":\"Train like a pro\",\"publisher\":{\"@id\":\"https:\/\/gymfrey.at\/#organization\"},\"potentialAction\":[{\"@type\":\"SearchAction\",\"target\":{\"@type\":\"EntryPoint\",\"urlTemplate\":\"https:\/\/gymfrey.at\/?s={search_term_string}\"},\"query-input\":{\"@type\":\"PropertyValueSpecification\",\"valueRequired\":true,\"valueName\":\"search_term_string\"}}],\"inLanguage\":\"de\"},{\"@type\":\"Organization\",\"@id\":\"https:\/\/gymfrey.at\/#organization\",\"name\":\"GYM FREY\",\"url\":\"https:\/\/gymfrey.at\/\",\"logo\":{\"@type\":\"ImageObject\",\"inLanguage\":\"de\",\"@id\":\"https:\/\/gymfrey.at\/#\/schema\/logo\/image\/\",\"url\":\"https:\/\/gymfrey.at\/wp-content\/uploads\/2025\/07\/sigi-icon.png\",\"contentUrl\":\"https:\/\/gymfrey.at\/wp-content\/uploads\/2025\/07\/sigi-icon.png\",\"width\":770,\"height\":481,\"caption\":\"GYM FREY\"},\"image\":{\"@id\":\"https:\/\/gymfrey.at\/#\/schema\/logo\/image\/\"},\"sameAs\":[\"https:\/\/www.instagram.com\/gymfrey.at\"]}]}<\/script>\n<!-- \/ Yoast SEO plugin. -->","yoast_head_json":{"title":"GOLDCARD - GYM FREY","robots":{"index":"index","follow":"follow","max-snippet":"max-snippet:-1","max-image-preview":"max-image-preview:large","max-video-preview":"max-video-preview:-1"},"canonical":"https:\/\/gymfrey.at\/?page_id=501","og_locale":"de_DE","og_type":"article","og_title":"GOLDCARD - GYM FREY","og_description":"DIE GOLDCARD Mit der GYM FREY Goldcard sicherst du dir das exklusivste Fitnesspaket, das wir je angeboten haben.Einmal investieren \u2013 und dauerhaft von allen Vorteilen profitieren.. Hier erh\u00e4ltlich! Einmal investieren, dein Fitnessleben f\u00fcr immer transformieren! R\u00fcckkaufoption:Nach 3 Jahren ist ein R\u00fcckkauf deiner Goldcard durch Frey-Sports m\u00f6glich.","og_url":"https:\/\/gymfrey.at\/?page_id=501","og_site_name":"GYM FREY","article_modified_time":"2026-03-30T09:42:08+00:00","og_image":[{"width":1707,"height":2560,"url":"https:\/\/gymfrey.at\/wp-content\/uploads\/2025\/11\/andrew-kliatskyi-oKQSBq1C26E-unsplash-scaled.jpg","type":"image\/jpeg"}],"twitter_card":"summary_large_image","schema":{"@context":"https:\/\/schema.org","@graph":[{"@type":"WebPage","@id":"https:\/\/gymfrey.at\/?page_id=501","url":"https:\/\/gymfrey.at\/?page_id=501","name":"GOLDCARD - GYM FREY","isPartOf":{"@id":"https:\/\/gymfrey.at\/#website"},"primaryImageOfPage":{"@id":"https:\/\/gymfrey.at\/?page_id=501#primaryimage"},"image":{"@id":"https:\/\/gymfrey.at\/?page_id=501#primaryimage"},"thumbnailUrl":"https:\/\/gymfrey.at\/wp-content\/uploads\/2025\/11\/andrew-kliatskyi-oKQSBq1C26E-unsplash-scaled.jpg","datePublished":"2025-11-20T20:03:44+00:00","dateModified":"2026-03-30T09:42:08+00:00","breadcrumb":{"@id":"https:\/\/gymfrey.at\/?page_id=501#breadcrumb"},"inLanguage":"de","potentialAction":[{"@type":"ReadAction","target":["https:\/\/gymfrey.at\/?page_id=501"]}]},{"@type":"ImageObject","inLanguage":"de","@id":"https:\/\/gymfrey.at\/?page_id=501#primaryimage","url":"https:\/\/gymfrey.at\/wp-content\/uploads\/2025\/11\/andrew-kliatskyi-oKQSBq1C26E-unsplash-scaled.jpg","contentUrl":"https:\/\/gymfrey.at\/wp-content\/uploads\/2025\/11\/andrew-kliatskyi-oKQSBq1C26E-unsplash-scaled.jpg","width":1707,"height":2560},{"@type":"BreadcrumbList","@id":"https:\/\/gymfrey.at\/?page_id=501#breadcrumb","itemListElement":[{"@type":"ListItem","position":1,"name":"Startseite","item":"https:\/\/gymfrey.at\/"},{"@type":"ListItem","position":2,"name":"GOLDCARD"}]},{"@type":"WebSite","@id":"https:\/\/gymfrey.at\/#website","url":"https:\/\/gymfrey.at\/","name":"GYM FREY","description":"Train like a pro","publisher":{"@id":"https:\/\/gymfrey.at\/#organization"},"potentialAction":[{"@type":"SearchAction","target":{"@type":"EntryPoint","urlTemplate":"https:\/\/gymfrey.at\/?s={search_term_string}"},"query-input":{"@type":"PropertyValueSpecification","valueRequired":true,"valueName":"search_term_string"}}],"inLanguage":"de"},{"@type":"Organization","@id":"https:\/\/gymfrey.at\/#organization","name":"GYM FREY","url":"https:\/\/gymfrey.at\/","logo":{"@type":"ImageObject","inLanguage":"de","@id":"https:\/\/gymfrey.at\/#\/schema\/logo\/image\/","url":"https:\/\/gymfrey.at\/wp-content\/uploads\/2025\/07\/sigi-icon.png","contentUrl":"https:\/\/gymfrey.at\/wp-content\/uploads\/2025\/07\/sigi-icon.png","width":770,"height":481,"caption":"GYM FREY"},"image":{"@id":"https:\/\/gymfrey.at\/#\/schema\/logo\/image\/"},"sameAs":["https:\/\/www.instagram.com\/gymfrey.at"]}]}},"_links":{"self":[{"href":"https:\/\/gymfrey.at\/index.php?rest_route=\/wp\/v2\/pages\/501","targetHints":{"allow":["GET"]}}],"collection":[{"href":"https:\/\/gymfrey.at\/index.php?rest_route=\/wp\/v2\/pages"}],"about":[{"href":"https:\/\/gymfrey.at\/index.php?rest_route=\/wp\/v2\/types\/page"}],"author":[{"embeddable":true,"href":"https:\/\/gymfrey.at\/index.php?rest_route=\/wp\/v2\/users\/1"}],"replies":[{"embeddable":true,"href":"https:\/\/gymfrey.at\/index.php?rest_route=%2Fwp%2Fv2%2Fcomments&post=501"}],"version-history":[{"count":7,"href":"https:\/\/gymfrey.at\/index.php?rest_route=\/wp\/v2\/pages\/501\/revisions"}],"predecessor-version":[{"id":728,"href":"https:\/\/gymfrey.at\/index.php?rest_route=\/wp\/v2\/pages\/501\/revisions\/728"}],"wp:attachment":[{"href":"https:\/\/gymfrey.at\/index.php?rest_route=%2Fwp%2Fv2%2Fmedia&parent=501"}],"curies":[{"name":"wp","href":"https:\/\/api.w.org\/{rel}","templated":true}]}}