{"id":139,"date":"2025-07-22T14:48:45","date_gmt":"2025-07-22T14:48:45","guid":{"rendered":"https:\/\/gymfrey.at\/?page_id=139"},"modified":"2025-09-04T14:54:35","modified_gmt":"2025-09-04T14:54:35","slug":"rezepte","status":"publish","type":"page","link":"https:\/\/gymfrey.at\/?page_id=139","title":{"rendered":"REZEPTE"},"content":{"rendered":"\n<div class=\"wp-block-group alignfull is-style-default has-global-padding is-layout-constrained wp-block-group-is-layout-constrained\" style=\"min-height:100vh;margin-top:0;margin-bottom:0\">\n<div class=\"wp-block-columns alignfull is-style-section-2 is-layout-flex wp-container-core-columns-is-layout-28f84493 wp-block-columns-is-layout-flex is-style-section-2--1\">\n<div class=\"wp-block-column is-vertically-aligned-center is-layout-flow wp-block-column-is-layout-flow\">\n<figure class=\"wp-block-image aligncenter size-large is-resized\" style=\"margin-top:var(--wp--preset--spacing--40);margin-right:0;margin-bottom:var(--wp--preset--spacing--40);margin-left:0\"><img loading=\"lazy\" decoding=\"async\" width=\"1024\" height=\"698\" src=\"https:\/\/gymfrey.at\/wp-content\/uploads\/2025\/07\/Mahlzeit-Maschine-internet-1024x698.png\" alt=\"\" class=\"wp-image-209\" style=\"width:277px;height:auto\" srcset=\"https:\/\/gymfrey.at\/wp-content\/uploads\/2025\/07\/Mahlzeit-Maschine-internet-1024x698.png 1024w, https:\/\/gymfrey.at\/wp-content\/uploads\/2025\/07\/Mahlzeit-Maschine-internet-300x205.png 300w, https:\/\/gymfrey.at\/wp-content\/uploads\/2025\/07\/Mahlzeit-Maschine-internet-768x524.png 768w, https:\/\/gymfrey.at\/wp-content\/uploads\/2025\/07\/Mahlzeit-Maschine-internet.png 1244w\" sizes=\"auto, (max-width: 1024px) 100vw, 1024px\" \/><\/figure>\n\n\n\n<div class=\"wp-block-group is-layout-flow wp-block-group-is-layout-flow\" style=\"padding-top:var(--wp--preset--spacing--50);padding-right:var(--wp--preset--spacing--50);padding-bottom:var(--wp--preset--spacing--50);padding-left:var(--wp--preset--spacing--50)\">\n<p class=\"has-text-align-center\"><strong>Mahlzeit Maschine<\/strong> ist unser eigenes Rezeptformat f\u00fcr alle, die sich bewusst ern\u00e4hren und dabei nicht auf Genuss verzichten m\u00f6chten.<\/p>\n\n\n\n<p class=\"has-text-align-center\"><br>Wir zeigen dir einfache, proteinreiche Gerichte, die schnell zubereitet sind und perfekt zu einem aktiven Lebensstil passen.<\/p>\n\n\n\n<p class=\"has-text-align-center\"><strong>N\u00e4hrstoffreich. Alltagsfreundlich. Fitnessorientiert.<\/strong><\/p>\n<\/div>\n<\/div>\n\n\n\n<div class=\"wp-block-column is-layout-flow wp-block-column-is-layout-flow\">\n<div class=\"wp-block-cover is-light\" style=\"min-height:822px;aspect-ratio:unset;\"><img loading=\"lazy\" decoding=\"async\" width=\"1024\" height=\"683\" class=\"wp-block-cover__image-background wp-image-154 size-large\" alt=\"\" src=\"https:\/\/gymfrey.at\/wp-content\/uploads\/2025\/07\/or-hakim-S2Eql9vHN3o-unsplash-1024x683.jpg\" data-object-fit=\"cover\" srcset=\"https:\/\/gymfrey.at\/wp-content\/uploads\/2025\/07\/or-hakim-S2Eql9vHN3o-unsplash-1024x683.jpg 1024w, https:\/\/gymfrey.at\/wp-content\/uploads\/2025\/07\/or-hakim-S2Eql9vHN3o-unsplash-300x200.jpg 300w, https:\/\/gymfrey.at\/wp-content\/uploads\/2025\/07\/or-hakim-S2Eql9vHN3o-unsplash-768x512.jpg 768w, https:\/\/gymfrey.at\/wp-content\/uploads\/2025\/07\/or-hakim-S2Eql9vHN3o-unsplash-1536x1024.jpg 1536w, https:\/\/gymfrey.at\/wp-content\/uploads\/2025\/07\/or-hakim-S2Eql9vHN3o-unsplash-2048x1365.jpg 2048w\" sizes=\"auto, (max-width: 1024px) 100vw, 1024px\" \/><span aria-hidden=\"true\" class=\"wp-block-cover__background has-background-dim-0 has-background-dim\" style=\"background-color:#6b6b6b\"><\/span><div class=\"wp-block-cover__inner-container is-layout-flow wp-block-cover-is-layout-flow\">\n<div style=\"height:10px\" aria-hidden=\"true\" class=\"wp-block-spacer\"><\/div>\n<\/div><\/div>\n<\/div>\n<\/div>\n<\/div>\n\n\n\n<div class=\"wp-block-columns alignfull is-layout-flex wp-container-core-columns-is-layout-9c22b1e3 wp-block-columns-is-layout-flex\">\n<div class=\"wp-block-column is-layout-flow wp-block-column-is-layout-flow\" style=\"flex-basis:55%\">\n<div style=\"aspect-ratio:9\/16;min-height:unset;\" class=\"wp-block-cover has-aspect-ratio\"><img loading=\"lazy\" decoding=\"async\" width=\"1024\" height=\"678\" class=\"wp-block-cover__image-background wp-image-210 size-large\" alt=\"\" src=\"https:\/\/gymfrey.at\/wp-content\/uploads\/2025\/07\/c26b4db5-2479-4af7-ac6c-6d41ff43724b-1-1024x678.jpeg\" data-object-fit=\"cover\" srcset=\"https:\/\/gymfrey.at\/wp-content\/uploads\/2025\/07\/c26b4db5-2479-4af7-ac6c-6d41ff43724b-1-1024x678.jpeg 1024w, https:\/\/gymfrey.at\/wp-content\/uploads\/2025\/07\/c26b4db5-2479-4af7-ac6c-6d41ff43724b-1-300x199.jpeg 300w, https:\/\/gymfrey.at\/wp-content\/uploads\/2025\/07\/c26b4db5-2479-4af7-ac6c-6d41ff43724b-1-768x508.jpeg 768w, https:\/\/gymfrey.at\/wp-content\/uploads\/2025\/07\/c26b4db5-2479-4af7-ac6c-6d41ff43724b-1.jpeg 1387w\" sizes=\"auto, (max-width: 1024px) 100vw, 1024px\" \/><span aria-hidden=\"true\" class=\"wp-block-cover__background has-background-dim-0 has-background-dim\" style=\"background-color:#7f6f68\"><\/span><div class=\"wp-block-cover__inner-container is-layout-flow wp-block-cover-is-layout-flow\">\n<div style=\"height:var(--wp--preset--spacing--20)\" aria-hidden=\"true\" class=\"wp-block-spacer\"><\/div>\n<\/div><\/div>\n<\/div>\n\n\n\n<div class=\"wp-block-column is-vertically-aligned-center is-layout-flow wp-block-column-is-layout-flow\" style=\"padding-top:var(--wp--preset--spacing--60);padding-right:var(--wp--preset--spacing--60);padding-bottom:var(--wp--preset--spacing--60);padding-left:var(--wp--preset--spacing--60)\">\n<h2 class=\"wp-block-heading has-xx-large-font-size\">CAESAR SALAD<\/h2>\n\n\n\n<p><strong>High Protein Caesar Salad \u2013 Gym Edition<\/strong><\/p>\n\n\n\n<p>Du brauchst Gains auf dem Teller? Dann hol dir unseren <strong>Mahlzeit Maschine<\/strong>-Klassiker: Caesar-Salat \u2013 neu gedacht f\u00fcr Muskelaufbau &amp; Geschmack!<\/p>\n\n\n\n<p>\ud83e\udd6c <strong>Zubereitung<\/strong>:<\/p>\n\n\n\n<ol class=\"wp-block-list\">\n<li>100g Skyr in eine Sch\u00fcssel<\/li>\n\n\n\n<li>Salz, Pfeffer &amp; zerdr\u00fcckter Knoblauch \u2013 verr\u00fchren<\/li>\n\n\n\n<li>Salatkopf schneiden &amp; waschen<\/li>\n\n\n\n<li>Tomaten w\u00fcrfeln<\/li>\n\n\n\n<li>H\u00fchnerfilet waschen, w\u00fcrzen &amp; in Butter knusprig braten<\/li>\n\n\n\n<li>Alles vermengen, Parmesan dr\u00fcber \u2013 fertig!<\/li>\n<\/ol>\n\n\n\n<p>\ud83d\udcca <strong>N\u00e4hrwerte pro Portion<\/strong>:<br>\ud83d\udd25 <strong>499 kcal<\/strong><br>\ud83e\udd69 <strong>Proteine<\/strong>: 62g<br>\ud83c\udf5a <strong>Carbs<\/strong>: 29g<br>\ud83e\udd51 <strong>Fett<\/strong>: 12g<\/p>\n<\/div>\n<\/div>\n\n\n\n<div class=\"wp-block-columns alignfull is-layout-flex wp-container-core-columns-is-layout-9c22b1e3 wp-block-columns-is-layout-flex\">\n<div class=\"wp-block-column is-layout-flow wp-block-column-is-layout-flow\" style=\"flex-basis:55%\">\n<div style=\"aspect-ratio:9\/16;min-height:unset;\" class=\"wp-block-cover has-aspect-ratio\"><img loading=\"lazy\" decoding=\"async\" width=\"1024\" height=\"681\" class=\"wp-block-cover__image-background wp-image-211 size-large\" alt=\"\" src=\"https:\/\/gymfrey.at\/wp-content\/uploads\/2025\/07\/95ad423d-72b2-4e3e-9a47-b9f531d3c6c1-1024x681.jpeg\" data-object-fit=\"cover\" srcset=\"https:\/\/gymfrey.at\/wp-content\/uploads\/2025\/07\/95ad423d-72b2-4e3e-9a47-b9f531d3c6c1-1024x681.jpeg 1024w, https:\/\/gymfrey.at\/wp-content\/uploads\/2025\/07\/95ad423d-72b2-4e3e-9a47-b9f531d3c6c1-300x200.jpeg 300w, https:\/\/gymfrey.at\/wp-content\/uploads\/2025\/07\/95ad423d-72b2-4e3e-9a47-b9f531d3c6c1-768x511.jpeg 768w, https:\/\/gymfrey.at\/wp-content\/uploads\/2025\/07\/95ad423d-72b2-4e3e-9a47-b9f531d3c6c1.jpeg 1393w\" sizes=\"auto, (max-width: 1024px) 100vw, 1024px\" \/><span aria-hidden=\"true\" class=\"wp-block-cover__background has-background-dim-0 has-background-dim\" style=\"background-color:#946768\"><\/span><div class=\"wp-block-cover__inner-container is-layout-flow wp-block-cover-is-layout-flow\">\n<div style=\"height:var(--wp--preset--spacing--20)\" aria-hidden=\"true\" class=\"wp-block-spacer\"><\/div>\n<\/div><\/div>\n<\/div>\n\n\n\n<div class=\"wp-block-column is-vertically-aligned-center is-layout-flow wp-block-column-is-layout-flow\" style=\"padding-top:var(--wp--preset--spacing--60);padding-right:var(--wp--preset--spacing--60);padding-bottom:var(--wp--preset--spacing--60);padding-left:var(--wp--preset--spacing--60)\">\n<h2 class=\"wp-block-heading has-xx-large-font-size\">CREAMY REISPUDDING<\/h2>\n\n\n\n<p>\ud83e\uddbe <strong>Mahlzeit Maschine #002<\/strong><br><strong>Creamy Reispudding mit Himbeeren &amp; dunkler Schoki<\/strong><\/p>\n\n\n\n<p>S\u00fc\u00df, clean &amp; voller Protein \u2013 das perfekte Fr\u00fchst\u00fcck oder Post-Workout-Meal. Schnell gemacht &amp; maximaler Geschmack!<\/p>\n\n\n\n<p>\ud83c\udf5a <strong>Zutaten<\/strong>:<br>\u2013 80g Reispudding<br>\u2013 100g Himbeeren (frisch oder TK)<br>\u2013 40g Whey (z.\u202fB. Vanille oder White Choc)<br>\u2013 20g 85\u202f% dunkle Schokolade<br>\u2013 Zimt nach Geschmack<br>\u2013 1g Salz<\/p>\n\n\n\n<p>\ud83e\udd63 <strong>Zubereitung<\/strong>:<\/p>\n\n\n\n<ol class=\"wp-block-list\">\n<li>Wasser zum Kochen bringen<\/li>\n\n\n\n<li>Reispudding in Sch\u00fcssel geben, Salz dazu<\/li>\n\n\n\n<li>Himbeeren bereitstellen, Schoki abwiegen<\/li>\n\n\n\n<li>Mit doppelter Menge kochendem Wasser aufgie\u00dfen &amp; gut verr\u00fchren<\/li>\n\n\n\n<li>Whey-Protein einr\u00fchren \u2013 cremig machen!<\/li>\n\n\n\n<li>Himbeeren &amp; Schokolade on top<\/li>\n\n\n\n<li>Mit Zimt veredeln &amp; genie\u00dfen<\/li>\n<\/ol>\n\n\n\n<p>\ud83d\udcca <strong>N\u00e4hrwerte pro Portion<\/strong>:<br>\ud83d\udd25 <strong>473 kcal<\/strong><br>\ud83e\udd69 <strong>Proteine<\/strong>: 39g<br>\ud83c\udf5a <strong>Carbs<\/strong>: 39g<br>\ud83e\udd51 <strong>Fett<\/strong>: 16g<\/p>\n\n\n\n<p>\u2699\ufe0f <strong>Schnell. S\u00e4ttigend. Gym-approved.<\/strong>.<\/p>\n<\/div>\n<\/div>\n\n\n\n<div class=\"wp-block-columns alignfull is-layout-flex wp-container-core-columns-is-layout-9c22b1e3 wp-block-columns-is-layout-flex\">\n<div class=\"wp-block-column is-layout-flow wp-block-column-is-layout-flow\" style=\"flex-basis:55%\">\n<div style=\"aspect-ratio:9\/16;min-height:unset;\" class=\"wp-block-cover has-aspect-ratio\"><img loading=\"lazy\" decoding=\"async\" width=\"1024\" height=\"689\" class=\"wp-block-cover__image-background wp-image-212 size-large\" alt=\"\" src=\"https:\/\/gymfrey.at\/wp-content\/uploads\/2025\/07\/ff0ed57b-7dbd-400e-adec-a05af16aa27d-1024x689.jpeg\" data-object-fit=\"cover\" srcset=\"https:\/\/gymfrey.at\/wp-content\/uploads\/2025\/07\/ff0ed57b-7dbd-400e-adec-a05af16aa27d-1024x689.jpeg 1024w, https:\/\/gymfrey.at\/wp-content\/uploads\/2025\/07\/ff0ed57b-7dbd-400e-adec-a05af16aa27d-300x202.jpeg 300w, https:\/\/gymfrey.at\/wp-content\/uploads\/2025\/07\/ff0ed57b-7dbd-400e-adec-a05af16aa27d-768x517.jpeg 768w, https:\/\/gymfrey.at\/wp-content\/uploads\/2025\/07\/ff0ed57b-7dbd-400e-adec-a05af16aa27d.jpeg 1368w\" sizes=\"auto, (max-width: 1024px) 100vw, 1024px\" \/><span aria-hidden=\"true\" class=\"wp-block-cover__background has-background-dim-0 has-background-dim\" style=\"background-color:#7f6f53\"><\/span><div class=\"wp-block-cover__inner-container is-layout-flow wp-block-cover-is-layout-flow\">\n<div style=\"height:var(--wp--preset--spacing--20)\" aria-hidden=\"true\" class=\"wp-block-spacer\"><\/div>\n<\/div><\/div>\n<\/div>\n\n\n\n<div class=\"wp-block-column is-vertically-aligned-center is-layout-flow wp-block-column-is-layout-flow\" style=\"padding-top:var(--wp--preset--spacing--60);padding-right:var(--wp--preset--spacing--60);padding-bottom:var(--wp--preset--spacing--60);padding-left:var(--wp--preset--spacing--60)\">\n<h2 class=\"wp-block-heading has-xx-large-font-size\">HACKPFANNE MIT ZUCCHINI &amp; PARMESAN<\/h2>\n\n\n\n<p>\ud83e\uddbe <strong>Mahlzeit Maschine #003<\/strong><br><strong>Low-Carb Hackpfanne mit Zucchini &amp; Parmesan<\/strong><\/p>\n\n\n\n<p>Wenig Carbs, viel Protein und voll im Geschmack \u2013 ideal f\u00fcrs Abendessen oder als schnelle Post-Workout-Mahlzeit!<\/p>\n\n\n\n<p>\ud83c\udf45 <strong>Zutaten<\/strong>:<br>\u2013 150g mageres Rinderhackfleisch (5\u202f%)<br>\u2013 200g Zucchini<br>\u2013 150g Tomatensugo<br>\u2013 30g Parmesan<br>\u2013 1 Zehe Knoblauch<br>\u2013 Salz, Pfeffer, Oregano<br>\u2013 etwas Butter zum Anbraten<\/p>\n\n\n\n<p>\ud83e\udd63 <strong>Zubereitung<\/strong>:<\/p>\n\n\n\n<ol class=\"wp-block-list\">\n<li>Zucchini sch\u00e4len &amp; w\u00fcrfeln, Knoblauch kleinhacken<\/li>\n\n\n\n<li>Pfanne mit etwas Butter einfetten &amp; erhitzen<\/li>\n\n\n\n<li>Knoblauch kurz anbraten, dann Hackfleisch hinzuf\u00fcgen<\/li>\n\n\n\n<li>Wenn das Fleisch gebr\u00e4unt ist, Hitze reduzieren<\/li>\n\n\n\n<li>Tomatensugo und Zucchini einr\u00fchren<\/li>\n\n\n\n<li>W\u00fcrzen mit Salz, Pfeffer &amp; Oregano<\/li>\n\n\n\n<li>Mit Deckel ca. 5\u20136\u202fMinuten k\u00f6cheln lassen &amp; mit Parmesan bestreuen<\/li>\n<\/ol>\n\n\n\n<p>\ud83d\udcca <strong>N\u00e4hrwerte pro Portion<\/strong>:<br>\ud83d\udd25 <strong>457 kcal<\/strong><br>\ud83e\udd69 <strong>Proteine<\/strong>: 48g<br>\ud83c\udf5a <strong>Carbs<\/strong>: 20g<br>\ud83e\udd51 <strong>Fett<\/strong>: 19g<\/p>\n\n\n\n<p>\u2699\ufe0f <strong>Wenig Carbs. Viel Power. Clean Geschmack.<\/strong><\/p>\n<\/div>\n<\/div>\n\n\n\n<div class=\"wp-block-columns alignfull is-layout-flex wp-container-core-columns-is-layout-9c22b1e3 wp-block-columns-is-layout-flex\">\n<div class=\"wp-block-column is-layout-flow wp-block-column-is-layout-flow\" style=\"flex-basis:55%\">\n<div style=\"aspect-ratio:9\/16;min-height:unset;\" class=\"wp-block-cover is-light has-aspect-ratio\"><img loading=\"lazy\" decoding=\"async\" width=\"1024\" height=\"683\" class=\"wp-block-cover__image-background wp-image-213 size-large\" alt=\"\" src=\"https:\/\/gymfrey.at\/wp-content\/uploads\/2025\/07\/7d32adb3-086a-4222-838a-e9f94fbb1e88-1-1024x683.jpeg\" data-object-fit=\"cover\" srcset=\"https:\/\/gymfrey.at\/wp-content\/uploads\/2025\/07\/7d32adb3-086a-4222-838a-e9f94fbb1e88-1-1024x683.jpeg 1024w, https:\/\/gymfrey.at\/wp-content\/uploads\/2025\/07\/7d32adb3-086a-4222-838a-e9f94fbb1e88-1-300x200.jpeg 300w, https:\/\/gymfrey.at\/wp-content\/uploads\/2025\/07\/7d32adb3-086a-4222-838a-e9f94fbb1e88-1-768x512.jpeg 768w, https:\/\/gymfrey.at\/wp-content\/uploads\/2025\/07\/7d32adb3-086a-4222-838a-e9f94fbb1e88-1.jpeg 1354w\" sizes=\"auto, (max-width: 1024px) 100vw, 1024px\" \/><span aria-hidden=\"true\" class=\"wp-block-cover__background has-background-dim-0 has-background-dim\" style=\"background-color:#858079\"><\/span><div class=\"wp-block-cover__inner-container is-layout-flow wp-block-cover-is-layout-flow\">\n<div style=\"height:var(--wp--preset--spacing--20)\" aria-hidden=\"true\" class=\"wp-block-spacer\"><\/div>\n<\/div><\/div>\n<\/div>\n\n\n\n<div class=\"wp-block-column is-vertically-aligned-center is-layout-flow wp-block-column-is-layout-flow\" style=\"padding-top:var(--wp--preset--spacing--60);padding-right:var(--wp--preset--spacing--60);padding-bottom:var(--wp--preset--spacing--60);padding-left:var(--wp--preset--spacing--60)\">\n<h2 class=\"wp-block-heading has-xx-large-font-size\">PROTEIN-PORRIDGE MIT OBST &amp; HONIG<\/h2>\n\n\n\n<p>\ud83e\uddbe <strong>Mahlzeit Maschine #004<\/strong><br><strong>Protein-Porridge mit Obst &amp; Honig<\/strong><\/p>\n\n\n\n<p>Schnell, s\u00fc\u00df, stark \u2013 perfekt f\u00fcr den Start in den Tag oder als Pre-Workout-Booster!<\/p>\n\n\n\n<p>\ud83c\udf6f <strong>Zutaten<\/strong>:<br>\u2013 70g zarte Haferflocken<br>\u2013 30g Whey (z.\u202fB. Vanille)<br>\u2013 100g Obst deiner Wahl (z.\u202fB. Beeren, Apfel, Banane)<br>\u2013 1 EL Honig<br>\u2013 1g Salz<br>\u2013 280\u202fml Wasser<\/p>\n\n\n\n<p>\ud83e\udd63 <strong>Zubereitung<\/strong>:<\/p>\n\n\n\n<ol class=\"wp-block-list\">\n<li>Haferflocken in mikrowellenfeste Sch\u00fcssel geben<\/li>\n\n\n\n<li>Mit 280\u202fml Wasser aufgie\u00dfen<\/li>\n\n\n\n<li>Bei max. Watt f\u00fcr <strong>4 Minuten<\/strong> in die Mikrowelle<\/li>\n\n\n\n<li>Danach Whey &amp; Salz einr\u00fchren \u2013 cremig machen<\/li>\n\n\n\n<li>Obst deiner Wahl dr\u00fcber, mit Honig toppen \u2013 fertig!<\/li>\n<\/ol>\n\n\n\n<p>\ud83d\udcca <strong>N\u00e4hrwerte pro Portion<\/strong> <em>(mit 100g gemischtem Obst)<\/em>:<br>\ud83d\udd25 <strong>480 kcal<\/strong><br>\ud83e\udd69 <strong>Eiwei\u00df<\/strong>: 35,2\u202fg<br>\ud83c\udf5a <strong>Kohlenhydrate<\/strong>: 62,4\u202fg<br>\ud83e\udd51 <strong>Fett<\/strong>: 6,4\u202fg<\/p>\n\n\n\n<p>\u2699\ufe0f <strong>Sweet Start. Full Power. Kein Schnickschnack.<\/strong><\/p>\n<\/div>\n<\/div>\n","protected":false},"excerpt":{"rendered":"<p>Mahlzeit Maschine ist unser eigenes Rezeptformat f\u00fcr alle, die sich bewusst ern\u00e4hren und dabei nicht auf Genuss verzichten m\u00f6chten. Wir zeigen dir einfache, proteinreiche Gerichte, die schnell zubereitet sind und perfekt zu einem aktiven Lebensstil passen. N\u00e4hrstoffreich. Alltagsfreundlich. Fitnessorientiert. CAESAR SALAD High Protein Caesar Salad \u2013 Gym Edition Du brauchst Gains auf dem Teller? Dann [&hellip;]<\/p>\n","protected":false},"author":1,"featured_media":0,"parent":0,"menu_order":0,"comment_status":"closed","ping_status":"closed","template":"","meta":{"footnotes":""},"class_list":["post-139","page","type-page","status-publish","hentry"],"yoast_head":"<!-- This site is optimized with the Yoast SEO plugin v25.9 - https:\/\/yoast.com\/wordpress\/plugins\/seo\/ -->\n<title>REZEPTE - GYM FREY<\/title>\n<meta name=\"robots\" content=\"index, follow, max-snippet:-1, max-image-preview:large, max-video-preview:-1\" \/>\n<link rel=\"canonical\" href=\"https:\/\/gymfrey.at\/?page_id=139\" \/>\n<meta property=\"og:locale\" content=\"de_DE\" \/>\n<meta property=\"og:type\" content=\"article\" \/>\n<meta property=\"og:title\" content=\"REZEPTE - GYM FREY\" \/>\n<meta property=\"og:description\" content=\"Mahlzeit Maschine ist unser eigenes Rezeptformat f\u00fcr alle, die sich bewusst ern\u00e4hren und dabei nicht auf Genuss verzichten m\u00f6chten. Wir zeigen dir einfache, proteinreiche Gerichte, die schnell zubereitet sind und perfekt zu einem aktiven Lebensstil passen. N\u00e4hrstoffreich. Alltagsfreundlich. Fitnessorientiert. CAESAR SALAD High Protein Caesar Salad \u2013 Gym Edition Du brauchst Gains auf dem Teller? Dann [&hellip;]\" \/>\n<meta property=\"og:url\" content=\"https:\/\/gymfrey.at\/?page_id=139\" \/>\n<meta property=\"og:site_name\" content=\"GYM FREY\" \/>\n<meta property=\"article:modified_time\" content=\"2025-09-04T14:54:35+00:00\" \/>\n<meta property=\"og:image\" content=\"https:\/\/gymfrey.at\/wp-content\/uploads\/2025\/07\/Mahlzeit-Maschine-internet-1024x698.png\" \/>\n<meta name=\"twitter:card\" content=\"summary_large_image\" \/>\n<meta name=\"twitter:label1\" content=\"Gesch\u00e4tzte Lesezeit\" \/>\n\t<meta name=\"twitter:data1\" content=\"2\u00a0Minuten\" \/>\n<script type=\"application\/ld+json\" class=\"yoast-schema-graph\">{\"@context\":\"https:\/\/schema.org\",\"@graph\":[{\"@type\":\"WebPage\",\"@id\":\"https:\/\/gymfrey.at\/?page_id=139\",\"url\":\"https:\/\/gymfrey.at\/?page_id=139\",\"name\":\"REZEPTE - GYM FREY\",\"isPartOf\":{\"@id\":\"https:\/\/gymfrey.at\/#website\"},\"primaryImageOfPage\":{\"@id\":\"https:\/\/gymfrey.at\/?page_id=139#primaryimage\"},\"image\":{\"@id\":\"https:\/\/gymfrey.at\/?page_id=139#primaryimage\"},\"thumbnailUrl\":\"https:\/\/gymfrey.at\/wp-content\/uploads\/2025\/07\/Mahlzeit-Maschine-internet-1024x698.png\",\"datePublished\":\"2025-07-22T14:48:45+00:00\",\"dateModified\":\"2025-09-04T14:54:35+00:00\",\"breadcrumb\":{\"@id\":\"https:\/\/gymfrey.at\/?page_id=139#breadcrumb\"},\"inLanguage\":\"de\",\"potentialAction\":[{\"@type\":\"ReadAction\",\"target\":[\"https:\/\/gymfrey.at\/?page_id=139\"]}]},{\"@type\":\"ImageObject\",\"inLanguage\":\"de\",\"@id\":\"https:\/\/gymfrey.at\/?page_id=139#primaryimage\",\"url\":\"https:\/\/gymfrey.at\/wp-content\/uploads\/2025\/07\/Mahlzeit-Maschine-internet.png\",\"contentUrl\":\"https:\/\/gymfrey.at\/wp-content\/uploads\/2025\/07\/Mahlzeit-Maschine-internet.png\",\"width\":1244,\"height\":848},{\"@type\":\"BreadcrumbList\",\"@id\":\"https:\/\/gymfrey.at\/?page_id=139#breadcrumb\",\"itemListElement\":[{\"@type\":\"ListItem\",\"position\":1,\"name\":\"Startseite\",\"item\":\"https:\/\/gymfrey.at\/\"},{\"@type\":\"ListItem\",\"position\":2,\"name\":\"REZEPTE\"}]},{\"@type\":\"WebSite\",\"@id\":\"https:\/\/gymfrey.at\/#website\",\"url\":\"https:\/\/gymfrey.at\/\",\"name\":\"GYM FREY\",\"description\":\"Train like a pro\",\"publisher\":{\"@id\":\"https:\/\/gymfrey.at\/#organization\"},\"potentialAction\":[{\"@type\":\"SearchAction\",\"target\":{\"@type\":\"EntryPoint\",\"urlTemplate\":\"https:\/\/gymfrey.at\/?s={search_term_string}\"},\"query-input\":{\"@type\":\"PropertyValueSpecification\",\"valueRequired\":true,\"valueName\":\"search_term_string\"}}],\"inLanguage\":\"de\"},{\"@type\":\"Organization\",\"@id\":\"https:\/\/gymfrey.at\/#organization\",\"name\":\"GYM FREY\",\"url\":\"https:\/\/gymfrey.at\/\",\"logo\":{\"@type\":\"ImageObject\",\"inLanguage\":\"de\",\"@id\":\"https:\/\/gymfrey.at\/#\/schema\/logo\/image\/\",\"url\":\"https:\/\/gymfrey.at\/wp-content\/uploads\/2025\/07\/sigi-icon.png\",\"contentUrl\":\"https:\/\/gymfrey.at\/wp-content\/uploads\/2025\/07\/sigi-icon.png\",\"width\":770,\"height\":481,\"caption\":\"GYM FREY\"},\"image\":{\"@id\":\"https:\/\/gymfrey.at\/#\/schema\/logo\/image\/\"},\"sameAs\":[\"https:\/\/www.instagram.com\/gymfrey.at\"]}]}<\/script>\n<!-- \/ Yoast SEO plugin. -->","yoast_head_json":{"title":"REZEPTE - GYM FREY","robots":{"index":"index","follow":"follow","max-snippet":"max-snippet:-1","max-image-preview":"max-image-preview:large","max-video-preview":"max-video-preview:-1"},"canonical":"https:\/\/gymfrey.at\/?page_id=139","og_locale":"de_DE","og_type":"article","og_title":"REZEPTE - GYM FREY","og_description":"Mahlzeit Maschine ist unser eigenes Rezeptformat f\u00fcr alle, die sich bewusst ern\u00e4hren und dabei nicht auf Genuss verzichten m\u00f6chten. Wir zeigen dir einfache, proteinreiche Gerichte, die schnell zubereitet sind und perfekt zu einem aktiven Lebensstil passen. N\u00e4hrstoffreich. Alltagsfreundlich. Fitnessorientiert. CAESAR SALAD High Protein Caesar Salad \u2013 Gym Edition Du brauchst Gains auf dem Teller? Dann [&hellip;]","og_url":"https:\/\/gymfrey.at\/?page_id=139","og_site_name":"GYM FREY","article_modified_time":"2025-09-04T14:54:35+00:00","og_image":[{"url":"https:\/\/gymfrey.at\/wp-content\/uploads\/2025\/07\/Mahlzeit-Maschine-internet-1024x698.png","type":"","width":"","height":""}],"twitter_card":"summary_large_image","twitter_misc":{"Gesch\u00e4tzte Lesezeit":"2\u00a0Minuten"},"schema":{"@context":"https:\/\/schema.org","@graph":[{"@type":"WebPage","@id":"https:\/\/gymfrey.at\/?page_id=139","url":"https:\/\/gymfrey.at\/?page_id=139","name":"REZEPTE - GYM FREY","isPartOf":{"@id":"https:\/\/gymfrey.at\/#website"},"primaryImageOfPage":{"@id":"https:\/\/gymfrey.at\/?page_id=139#primaryimage"},"image":{"@id":"https:\/\/gymfrey.at\/?page_id=139#primaryimage"},"thumbnailUrl":"https:\/\/gymfrey.at\/wp-content\/uploads\/2025\/07\/Mahlzeit-Maschine-internet-1024x698.png","datePublished":"2025-07-22T14:48:45+00:00","dateModified":"2025-09-04T14:54:35+00:00","breadcrumb":{"@id":"https:\/\/gymfrey.at\/?page_id=139#breadcrumb"},"inLanguage":"de","potentialAction":[{"@type":"ReadAction","target":["https:\/\/gymfrey.at\/?page_id=139"]}]},{"@type":"ImageObject","inLanguage":"de","@id":"https:\/\/gymfrey.at\/?page_id=139#primaryimage","url":"https:\/\/gymfrey.at\/wp-content\/uploads\/2025\/07\/Mahlzeit-Maschine-internet.png","contentUrl":"https:\/\/gymfrey.at\/wp-content\/uploads\/2025\/07\/Mahlzeit-Maschine-internet.png","width":1244,"height":848},{"@type":"BreadcrumbList","@id":"https:\/\/gymfrey.at\/?page_id=139#breadcrumb","itemListElement":[{"@type":"ListItem","position":1,"name":"Startseite","item":"https:\/\/gymfrey.at\/"},{"@type":"ListItem","position":2,"name":"REZEPTE"}]},{"@type":"WebSite","@id":"https:\/\/gymfrey.at\/#website","url":"https:\/\/gymfrey.at\/","name":"GYM FREY","description":"Train like a pro","publisher":{"@id":"https:\/\/gymfrey.at\/#organization"},"potentialAction":[{"@type":"SearchAction","target":{"@type":"EntryPoint","urlTemplate":"https:\/\/gymfrey.at\/?s={search_term_string}"},"query-input":{"@type":"PropertyValueSpecification","valueRequired":true,"valueName":"search_term_string"}}],"inLanguage":"de"},{"@type":"Organization","@id":"https:\/\/gymfrey.at\/#organization","name":"GYM FREY","url":"https:\/\/gymfrey.at\/","logo":{"@type":"ImageObject","inLanguage":"de","@id":"https:\/\/gymfrey.at\/#\/schema\/logo\/image\/","url":"https:\/\/gymfrey.at\/wp-content\/uploads\/2025\/07\/sigi-icon.png","contentUrl":"https:\/\/gymfrey.at\/wp-content\/uploads\/2025\/07\/sigi-icon.png","width":770,"height":481,"caption":"GYM FREY"},"image":{"@id":"https:\/\/gymfrey.at\/#\/schema\/logo\/image\/"},"sameAs":["https:\/\/www.instagram.com\/gymfrey.at"]}]}},"_links":{"self":[{"href":"https:\/\/gymfrey.at\/index.php?rest_route=\/wp\/v2\/pages\/139","targetHints":{"allow":["GET"]}}],"collection":[{"href":"https:\/\/gymfrey.at\/index.php?rest_route=\/wp\/v2\/pages"}],"about":[{"href":"https:\/\/gymfrey.at\/index.php?rest_route=\/wp\/v2\/types\/page"}],"author":[{"embeddable":true,"href":"https:\/\/gymfrey.at\/index.php?rest_route=\/wp\/v2\/users\/1"}],"replies":[{"embeddable":true,"href":"https:\/\/gymfrey.at\/index.php?rest_route=%2Fwp%2Fv2%2Fcomments&post=139"}],"version-history":[{"count":11,"href":"https:\/\/gymfrey.at\/index.php?rest_route=\/wp\/v2\/pages\/139\/revisions"}],"predecessor-version":[{"id":392,"href":"https:\/\/gymfrey.at\/index.php?rest_route=\/wp\/v2\/pages\/139\/revisions\/392"}],"wp:attachment":[{"href":"https:\/\/gymfrey.at\/index.php?rest_route=%2Fwp%2Fv2%2Fmedia&parent=139"}],"curies":[{"name":"wp","href":"https:\/\/api.w.org\/{rel}","templated":true}]}}